*d - s, -s = 2*d - 240. What is the highest common divisor of 34 and d?
17
Let d = -25 - -49. Suppose 41184 = 47*t - 11832. Calculate the highest common factor of t and d.
24
Let l = 4059 + -3364. Calculate the highest common factor of 5 and l.
5
Let b = -8660 + 12289. Calculate the highest common divisor of 573 and b.
191
Suppose 15 = -b + 6*b. Suppose -3*t + 3 + 3 = 3*w, -b*t = -5*w + 2. Suppose -2*a + w + 21 = 0. What is the greatest common factor of 99 and a?
11
Let m be (-3 + 3097)/1 + 30/(17 - 7). Calculate the highest common divisor of m and 19.
19
Suppose 5*o + 81 = 4*n - 344, 3*n + 4*o - 342 = 0. Let z = -23301 + 23311. What is the greatest common factor of n and z?
10
Let p = -14 - -16. Suppose a + 4 = p*a. Suppose -723 = -a*s - 63. What is the highest common divisor of 66 and s?
33
Let f = -132 - 44. Let t = f + 194. Calculate the highest common factor of t and 30.
6
Let i(o) = -o**3 + 10*o**2 - 16*o - 5. Let d be i(5). Calculate the greatest common divisor of d and 3576.
8
Let a be 9*(-8)/(-36) - 4. Let g be (-1)/2*122*a. Calculate the greatest common divisor of g and 305.
61
Suppose 5*i - y + 33378 - 129913 = 0, -15 = 3*y. What is the greatest common divisor of i and 98?
98
Suppose 407*h - 404*h - 12549 = 0. Calculate the greatest common factor of h and 47.
47
Suppose 2*i - 118 - 112 = 0. Let h(b) = 34*b - 111. Let t be h(8). Calculate the highest common divisor of i and t.
23
Let v(u) = -7*u - 3*u - u - u**3 - 6*u**2 - 2*u - 10. Let x be v(-3). Calculate the highest common divisor of x and 15.
1
Suppose -y - 215 = -2*g + 139, -y + 350 = 2*g. Calculate the greatest common divisor of g and 2376.
88
Let d = 5266 - 3373. Calculate the highest common factor of d and 6.
3
Suppose 2*n - 132 = j + 4*j, -3*j = 4*n - 212. Let p be 6/(-3) - (-5 - -13). Let l be 5 + p + 21 - 0. What is the greatest common divisor of l and n?
8
Let i = -331 + 562. Let j = -221 + i. Calculate the highest common factor of j and 710.
10
Let d be 1 + 1 + -1 - -5. Let h be d/(-45) - 6486/(-45). Let w(z) = -14*z + 653. Let i be w(46). Calculate the greatest common factor of h and i.
9
Suppose -164 = -3*g + 2*s, -2*g = -4*g - s + 100. Let x = -792 + 662. Let q be (84/70)/((-6)/x). What is the highest common divisor of g and q?
26
Suppose 90*m - 98*m - 16 = 0. Let u be ((-48)/28)/(m/14). What is the highest common factor of 156 and u?
12
Let k be (-828)/(-42)*1596/171. Calculate the greatest common divisor of 15456 and k.
184
Let n(j) = 36*j - 950. Let h be n(38). What is the highest common factor of 330 and h?
22
Suppose -103*d = -98*d - 5*m - 4195, 2*d - 1669 = 5*m. Let h be ((-1919)/(-114) - 17) + d/12. What is the highest common factor of 80 and h?
10
Suppose -6 = 2*g, 4*v = g + 3*g - 116. Let m be v/3*(-18)/12. Let b(h) = h**2 - 8*h + 7. Let d be b(9). What is the greatest common factor of d and m?
16
Let t be (4*-2)/((-5)/20). Let n = 208 + -326. Let d = 126 + n. What is the greatest common divisor of t and d?
8
Let b(q) = -11*q - 8. Let p be b(-1). Let t be (p/5)/(6/20). Let j be (-19 + 58)*(-1 + t - 0). What is the highest common factor of 13 and j?
13
Suppose 40*n - 20*n + 760 = 25*n. Suppose 228 = u - 0*u. Calculate the greatest common divisor of u and n.
76
Let h = -9271 - -9273. Let b = 13 + -5. Calculate the highest common divisor of h and b.
2
Let o = -8 + 8. Let c(g) = -95 - 2*g**2 + 3*g**2 + 2*g**2 + 116 + g. Let q be c(o). Calculate the greatest common factor of 231 and q.
21
Let k be -20 + 54 + 8 + 0. Calculate the greatest common divisor of k and 9786.
42
Let j = -19514 + 19628. What is the greatest common divisor of 14934 and j?
114
Suppose 0 = 3*w + 12*w + 1725. Let j = 151 + w. Calculate the greatest common factor of j and 84.
12
Let z = 12 - 12. Suppose z = p - 4 + 2. Suppose -4*g = 3*f + p*f - 32, -24 = -2*f + 4*g. What is the highest common divisor of 4 and f?
4
Let x be 5*596*(-13)/(-26). Suppose -3*r + x = 212. Suppose 5*v = 2*v - 3*j + r, -j = 3*v - 430. What is the greatest common divisor of 9 and v?
9
Let g be ((-99)/6)/((-3)/(-8)). Let r = 3630 + -3573. Let q = r + g. Calculate the greatest common divisor of q and 13.
13
Let z = 11 + -30. Let l = z - -24. Let m be (-16)/(-3) - (-13)/(-39). Calculate the highest common factor of m and l.
5
Let y(g) = 9*g**3 + 369*g**2 - 79*g + 44. Let p be y(-41). What is the greatest common factor of 490 and p?
49
Suppose 0*l - l = -5, 3*l - 57 = -2*f. Suppose 0 = -37*h + 14*h + 1288. What is the greatest common divisor of f and h?
7
Let v be 1/(2/586) + (-9 - -2)*-1. What is the greatest common divisor of 1060 and v?
20
Let o(h) = 5*h**2 - 3*h + 132. Suppose -t = -2*m + 10, -6 = 5*t - m - 1. Let b be o(t). What is the greatest common factor of b and 308?
44
Let n be 16 + -11 + 3 + -8. Suppose p - 14 = -n. Calculate the highest common factor of p and 224.
14
Let p(r) be the second derivative of 1/6*r**3 + 27/2*r**2 - 22*r + 0. Let q be p(-9). What is the greatest common divisor of 12 and q?
6
Let k = 13 + -7. Let y = -409 - -413. Let g be y/k + (31/3 - 0). What is the greatest common factor of 1 and g?
1
Let t be (-332)/(-14) - (-2)/7. Let l be (-8)/2 - (-23025)/25. Let m = 953 - l. Calculate the greatest common divisor of m and t.
12
Let o be (-4)/14 + (-736)/(-28). Let x be (8 - 17)*o/(-3). What is the highest common divisor of x and 195?
39
Let h be 24/(-3 + (-1602)/(-528)). Calculate the greatest common divisor of h and 110.
22
Let g(b) = -2*b + 7. Let w be g(-1). Let d be w/11 + (-2 - 48/(-22)). Let n be d/((-2)/(-2))*2/1. What is the highest common divisor of n and 1?
1
Let r(y) = 14 + 16 - y + 13*y. Let n be r(-7). Let h = -37 - n. What is the highest common factor of 68 and h?
17
Let i(o) = -3*o**2 - 7*o + 4. Let x be i(-2). Let g(p) = 5*p**2 - 30*p + 20. Let l be g(x). Calculate the highest common factor of 340 and l.
20
Let m be (1610/7)/(42/21). What is the highest common factor of m and 245?
5
Let n(l) = l**2 - 11*l + 10. Let g be n(10). Suppose -3*q + 142 + 32 = g. Let i = -1227 + 1256. What is the highest common factor of q and i?
29
Let m = 71 + -66. Suppose -m*q + 61 = -24. Let y(p) = p**2 - 18*p + 19. Let h be y(q). What is the greatest common factor of 10 and h?
2
Let w be 54*(-56)/(-42) + 20. What is the greatest common factor of 6716 and w?
92
Let v = 165 + -163. Let j be (-6)/(v*24/(-1984)). Calculate the greatest common factor of j and 62.
62
Suppose 0 = 96*o - 7940 - 3484. What is the highest common divisor of 203 and o?
7
Let k be 2 - 1786/4 - 28/56. Let c = k - -557. Calculate the highest common divisor of 14 and c.
14
Let q be ((-448)/6)/((-76)/228). Calculate the highest common factor of q and 1056.
32
Let x(s) = -6*s**2 - 5*s - 4. Let l be x(-1). Let p(f) = 7*f**2 + 12*f + 10. Let w be p(l). What is the highest common divisor of w and 50?
25
Let n(y) = -y**2 - 17*y - 58. Let c be n(-10). Suppose 25 = 5*a - 2*i, -4*a + 20 = -c*i + 10*i. Calculate the greatest common divisor of a and 185.
5
Suppose 2*t - 15 + 9 = 0. Suppose 0*j - 5*j = a - 38, 5*a = t*j - 6. Let i be ((-2)/(-4))/(j/3010). Calculate the highest common factor of i and 43.
43
Let c(s) = 513*s**3 + 6*s**2 - 9*s + 2. Let t be c(1). What is the highest common factor of 864 and t?
32
Let h(j) = -j**2 - 7*j - 3. Let g be h(-6). Suppose -4*k = -g*o - 112, -k = 3*o - 24 - 19. Let n = k + -23. What is the greatest common factor of 8 and n?
8
Let f be 540*(6/(-15))/((-280)/525). What is the greatest common factor of f and 5346?
81
Let n be -2*(-3 - (9 - 1)). Suppose -143 = -2*o + 5*s, 0 = -3*o - 5*s + 155 + n. Suppose 2*k - 3*k + o = 0. Calculate the greatest common factor of k and 8.
8
Let d(u) = 2568*u + 141. Let j be d(1). Calculate the highest common factor of 63 and j.
63
Let f = -234 - -241. What is the greatest common divisor of 175 and f?
7
Suppose -4*c = 3*c + 2*c - 1755. Calculate the greatest common factor of 45 and c.
15
Suppose g - 43 = -2*h, h - g - 14 = g. Suppose -4*d - 32 = 4*d. Let u(s) = s**2 - 5*s - 16. Let r be u(d). Calculate the highest common divisor of r and h.
20
Let h(a) = 135*a + 72. Let t be h(6). Calculate the greatest common divisor of 126 and t.
126
Let k(x) = 9*x - 182. Let c(h) = -16*h + 365. Let o(z) = -3*c(z) - 7*k(z). Let m be o(11). What is the greatest common divisor of 266 and m